ns digit of 32981369?
2
What is the ten thousands digit of 104185?
0
What is the ten thousands digit of 313021?
1
What is the thousands digit of 99739?
9
What is the hundred thousands digit of 456629?
4
What is the tens digit of 17056660?
6
What is the hundreds digit of 13175437?
4
What is the hundreds digit of 631144?
1
What is the units digit of 732311?
1
What is the units digit of 1126089?
9
What is the units digit of 6083578?
8
What is the hundreds digit of 158321?
3
What is the thousands digit of 4433580?
3
What is the tens digit of 256143?
4
What is the tens digit of 3542197?
9
What is the hundred thousands digit of 17900329?
9
What is the hundred thousands digit of 5382269?
3
What is the hundreds digit of 2664593?
5
What is the tens digit of 5278632?
3
What is the units digit of 139843?
3
What is the units digit of 13209631?
1
What is the units digit of 955810?
0
What is the hundreds digit of 4045892?
8
What is the units digit of 131596?
6
What is the hundreds digit of 199828?
8
What is the millions digit of 1945401?
1
What is the units digit of 207806?
6
What is the thousands digit of 566557?
6
What is the thousands digit of 3099639?
9
What is the hundreds digit of 52765?
7
What is the units digit of 3336116?
6
What is the hundreds digit of 414104?
1
What is the tens digit of 2017222?
2
What is the thousands digit of 323650?
3
What is the hundred thousands digit of 3512495?
5
What is the hundreds digit of 531073?
0
What is the thousands digit of 25298505?
8
What is the ten thousands digit of 231117?
3
What is the units digit of 13359?
9
What is the millions digit of 2728239?
2
What is the tens digit of 122591?
9
What is the ten thousands digit of 3131129?
3
What is the thousands digit of 75654?
5
What is the thousands digit of 2885990?
5
What is the millions digit of 9018803?
9
What is the ten thousands digit of 372574?
7
What is the ten thousands digit of 111175?
1
What is the units digit of 867164?
4
What is the hundred thousands digit of 3243469?
2
What is the millions digit of 4185082?
4
What is the ten thousands digit of 13717867?
1
What is the tens digit of 387700?
0
What is the units digit of 2309982?
2
What is the tens digit of 488685?
8
What is the hundred thousands digit of 143075?
1
What is the millions digit of 1871732?
1
What is the hundreds digit of 418700?
7
What is the thousands digit of 492670?
2
What is the units digit of 1361964?
4
What is the thousands digit of 3616802?
6
What is the thousands digit of 1025976?
5
What is the units digit of 1975246?
6
What is the hundred thousands digit of 1166772?
1
What is the ten thousands digit of 256036?
5
What is the hundred thousands digit of 546557?
5
What is the hundreds digit of 63380?
3
What is the ten thousands digit of 18911376?
1
What is the ten thousands digit of 2649420?
4
What is the hundreds digit of 3207188?
1
What is the tens digit of 249057?
5
What is the thousands digit of 145142?
5
What is the tens digit of 60657?
5
What is the units digit of 1510420?
0
What is the millions digit of 4495355?
4
What is the thousands digit of 4210?
4
What is the units digit of 3208928?
8
What is the thousands digit of 137943?
7
What is the millions digit of 2877106?
2
What is the ten thousands digit of 11373631?
7
What is the tens digit of 26190537?
3
What is the ten thousands digit of 7557076?
5
What is the ten thousands digit of 124349?
2
What is the thousands digit of 194886?
4
What is the units digit of 10451000?
0
What is the tens digit of 1227494?
9
What is the thousands digit of 738492?
8
What is the ten thousands digit of 127587?
2
What is the hundred thousands digit of 1340727?
3
What is the hundred thousands digit of 577105?
5
What is the ten thousands digit of 459004?
5
What is the ten thousands digit of 1460988?
6
What is the hundred thousands digit of 407876?
4
What is the thousands digit of 2888312?
8
What is the hundred thousands digit of 5166721?
1
What is the hundred thousands digit of 1581821?
5
What is the hundreds digit of 3067180?
1
What is the units digit of 3207644?
4
What is the units digit of 4506684?
4
What is the units digit of 65295?
5
What is the hundreds digit of 1028536?
5
What is the units digit of 25133795?
5
What is the ten millions digit of 11193768?
1
What is the hundreds digit of 3990530?
5
What is the ten thousands digit of 10167454?
6
What is the millions digit of 10197479?
0
What is the units digit of 74174?
4
What is the hundred thousands digit of 7464248?
4
What is the thousands digit of 9309?
9
What is the hundred thousands digit of 101747?
1
What is the thousands digit of 2145229?
5
What is the hundreds digit of 2209445?
4
What is the hundreds digit of 1367929?
9
What is the tens digit of 325627?
2
What is the thousands digit of 413555?
3
What is the tens digit of 2305956?
5
What is the tens digit of 12532942?
4
What is the tens digit of 33843269?
6
What is the tens digit of 445472?
7
What is the hundred thousands digit of 3123966?
1
What is the ten thousands digit of 1050776?
5
What is the units digit of 1969493?
3
What is the millions digit of 3077538?
3
What is the units digit of 1147223?
3
What is the millions digit of 1536749?
1
What is the hundred thousands digit of 374429?
3
What is the millions digit of 1424614?
1
What is the units digit of 136643?
3
What is the units digit of 1466684?
4
What is the tens digit of 9004288?
8
What is the thousands digit of 2388349?
8
What is the tens digit of 121031?
3
What is the millions digit of 18499087?
8
What is the ten thousands digit of 861402?
6
What is the hundred thousands digit of 269931?
2
What is the hundreds digit of 401898?
8
What is the hundreds digit of 2157731?
7
What is the ten thousands digit of 52551?
5
What is the thousands digit of 16981850?
1
What is the ten thousands digit of 25367025?
6
What is the ten thousands digit of 313963?
1
What is the tens digit of 155553?
5
What is the hundred thousands digit of 7555535?
5
What is the hundred thousands digit of 210208?
2
What is the ten thousands digit of 734131?
3
What is the units digit of 243366?
6
What is the hundred thousands digit of 12104064?
1
What is the units digit of 128198?
8
What is the ten thousands digit of 862896?
6
What is the ten millions digit of 13611825?
1
What is the millions digit of 8415203?
8
What is the units digit of 12573296?
6
What is the thousands digit of 63756?
3
What is the tens digit of 5999336?
3
What is the thousands digit of 721348?
1
What is the units digit of 1800010?
0
What is the units digit of 714244?
4
What is the ten thousands digit of 3812188?
1
What is the ten thousands digit of 4836969?
3
What is the thousands digit of 167544?
7
What is the millions digit of 10634651?
0
What is the tens digit of 80609?
0
What is the hundreds digit of 3298601?
6
What is the units digit of 1009650?
0
What is the hundreds digit of 221605?
6
What is the hundreds digit of 12200878?
8
What is the hundreds digit of 1078524?
5
What is the thousands digit of 63698?
3
What is the hundred thousands digit of 3803001?
8
What is the hundred thousands digit of 16939121?
9
What is the thousands digit of 6678101?
8
What is the thousands digit of 99330?
9
What is the hundred thousands digit of 14571685?
5
What is the thousands digit of 394790?
4
What is the units digit of 183269?
9
What is the hundreds digit of 536545?
5
What is the hundreds digit of 1688598?
5
What is the tens digit of 6004869?
6
What is the millions digit of 1987520?
1
What is the tens digit of 240537?
3
What is the ten thousands digit of 11637405?
3
What is the hundred thousands digit of 1360030?
3
What is the hundreds digit of 4407675?
6
What is the units digit of 3611825?
5
What is the units digit of 478020?
0
What is the hundred thousands digit of 275103?
2
What is the units digit of 5976234?
4
What is the units digit of 337567?
7
What is the thousands digit of 221270?
1
What is the hundred thousands digit of 2418354?
4
What is the hundreds digit of 857039?
0
What is the thousands digit of 3478432?
8
What is the ten thousands digit of 283063?
8
What is the hundred thousands digit of 759614?
7
What is the thousands digit of 604152?
4
What is the units digit of 2101635?
5
What is the hundreds digit of 7224925?
9
What is the thousands digit o